*w, p + 10 = -3*k + w. Let x = k + 11. List the prime factors of x.
3
Let f(b) = b**3 - b**2 - 2*b + 3. Let z be f(2). Suppose -z*p - 4 + 16 = 0. Suppose 0 = t + q - 6, 15 = -p*q - 1. List the prime factors of t.
2, 5
Suppose -7*w + 1803 = 445. What are the prime factors of w?
2, 97
Suppose -4*l - z - 27 = -2*z, -15 = 3*z. Let n(k) = -k**3 - 9*k**2 - 8*k + 4. What are the prime factors of n(l)?
2
Let z be (-2)/3 + 210/18. Let p = z + -5. What are the prime factors of p?
2, 3
Let f(v) = -v - 1. Let a be (1 + 2)*(-1 + -2). Let i be f(a). Suppose y = i + 4. What are the prime factors of y?
2, 3
Suppose -5*j - 31 + 11 = 0. Let z be (j/5)/(2/(-50)). Let b = -8 + z. List the prime factors of b.
2, 3
Suppose 0*v - v = -21. What are the prime factors of v?
3, 7
Let w(n) = -n**2 + 10*n + 14. Let k be w(10). Suppose k + 5 = r. List the prime factors of r.
19
Let u = -50 - -102. Suppose u = -z + 2*z. Suppose 5*i + 17 = 5*q + z, -3*i - 5*q = -5. What are the prime factors of i?
5
Let r be 1 + -1*3 - -11. Let s = r + -27. What are the prime factors of (-1)/(-2*(-3)/s)?
3
Let l(r) = r**2 + 7*r + 8. Let s be l(-6). Suppose 0 = 4*h - 5 - 19. Suppose -s*o + 3*o = h. What are the prime factors of o?
2, 3
Let g(i) = 38*i + 2. List the prime factors of g(1).
2, 5
Let o(g) = g + 2. Let b be o(-5). Let t(z) = z**3 + 2*z**2 - 4*z + 1. What are the prime factors of t(b)?
2
Let z = 31 + -7. What are the prime factors of z?
2, 3
Let t(k) = k**3 + 18*k**2 - 4*k + 12. What are the prime factors of t(-18)?
2, 3, 7
Suppose 2*n + 9 = 2*h - n, h - 7 = 4*n. Suppose 0 = h*i - 9, -3*o + i + 6 + 21 = 0. Suppose m - 2*y + o = 2*m, -y = 5*m - 41. What are the prime factors of m?
2
Let s = 5 + 14. List the prime factors of s.
19
List the prime factors of 11 + (-3 - (-6 - 1))/(-1).
7
Let v(a) = 186*a - 6. What are the prime factors of v(1)?
2, 3, 5
Let g = 279 + -135. Let l be g/10 + (-6)/15. Suppose -2*h + 0*h = -l. List the prime factors of h.
7
Suppose -w - 3*v + 0 = -12, 0 = w - 5*v - 4. What are the prime factors of w?
3
Suppose 5*s = 144 + 156. List the prime factors of s.
2, 3, 5
Suppose 7*x + 64 - 1905 = 0. List the prime factors of x.
263
Let c = 10 + -3. What are the prime factors of c?
7
Let m = 55 - -159. List the prime factors of m.
2, 107
List the prime factors of 8/28 + 356/28.
13
Suppose 0 = -r - 0*r + 82. Let l = r + -54. What are the prime factors of l?
2, 7
Suppose -3*n - 1122 = -4*v - 0*n, -2*v = -4*n - 566. What are the prime factors of v?
3, 31
Let o = -31 - -58. What are the prime factors of o?
3
Let q(p) = p**3 - 5*p**2 - 5*p - 1. Suppose 4*m = 5*y + 49, 4*m - 3*y - 13 = 26. Let o be q(m). Suppose -o*z = -7 - 23. List the prime factors of z.
2, 3
List the prime factors of ((-2)/4)/(-2 - 251/(-126)).
3, 7
Let z = -6 - -6. Suppose z = -4*a - 3 + 15. List the prime factors of a.
3
Let m(c) = -c**3 - 7*c**2 + 6. Let u be m(-7). Suppose -u = -2*h + 10. List the prime factors of h.
2
Suppose -3*d = -d. Let b be 5 + (d/(-1) - 1). Suppose 2*z = -2*h + b, 5*z - 7 = -4*h - 4. List the prime factors of h.
7
Let r(l) = -l**2 + l - 1. Let k be r(4). What are the prime factors of (2/1 - k) + -2?
13
Suppose 5*y + 7 = -8. Let g be (0 - 3 - y)*1. Suppose 4*q = -g*q + 40. What are the prime factors of q?
2, 5
Suppose -23 = -2*j + 3*n, -j + n - 7 = -4*j. List the prime factors of j.
2
Suppose -4*m - 6 = s, s + 5*m + 0 + 10 = 0. Let w(o) = -o**2 + 11*o - 8. Let a be w(s). Suppose -2*n + 24 = a*n. List the prime factors of n.
2, 3
Let y(r) = -r**3 + r. Let k be y(-2). Suppose -3 = -z + 2*f, -4*z + 5*f = -k - 6. Suppose -z*v + 17 = 5. What are the prime factors of v?
2
Suppose 5*k - 1080 = 5*y, -3*k - 5*y = -226 - 390. List the prime factors of k.
2, 53
Let d(z) = -z**3 + 11*z**2 - 13*z + 9. Let j be d(10). List the prime factors of (-237)/j - 4/14.
11
Let l = 1 - -3. Suppose 0 = l*y - 9*y + 2*x + 85, 3*x = 4*y - 61. What are the prime factors of y?
19
Suppose -4*o + 25 + 91 = 0. Let u = o + -19. List the prime factors of u.
2, 5
Let c(m) = m**2 - 4*m - 3. Let z be c(5). Suppose 4*l - 48 = z*p, 4*l = -5*p + 2*p + 68. List the prime factors of l.
2, 7
Let s be (-4)/14 - 296/(-56). Suppose 0*x - s*x = -3*w - 89, -4*x + 61 = w. List the prime factors of x.
2
Let r(j) = -3*j - 3 + 0*j - j**2 - j + 5*j**2. What are the prime factors of r(-2)?
3, 7
List the prime factors of (-6)/2 + (2 - -34).
3, 11
Let r(i) = 5*i**3 - 4*i**2 + 3*i - 1. Let c be r(2). Suppose -4*n + c = -3*w, -w = 3*n - 4*w - 21. List the prime factors of n.
2
What are the prime factors of ((-8)/32)/((-1)/620)?
5, 31
Let w be (5/(-3))/(1/3). Let n(x) = 4 + x**3 - 2*x**3 + 1 - 5*x**2. What are the prime factors of n(w)?
5
Let m be ((-2)/(-6))/((-1)/(-21)). Let t = 3 + m. What are the prime factors of t?
2, 5
Let u be (0 + -1)/((-1)/(-3)). Let k = -4 + -2. Let j = u - k. What are the prime factors of j?
3
Suppose 0*a - 2*a = -290. What are the prime factors of a?
5, 29
Let c be (-244)/(-20) + (-2)/10. Let z = 3 - c. What are the prime factors of 6/(-4)*84/z?
2, 7
Let z(g) = -10*g**2 - 5*g**2 + 9 + 14*g**2 + 7*g. Suppose 5*q - 6 = 29. List the prime factors of z(q).
3
Suppose -4*d = -7*d + 18. Let z(i) = 3 + d + 2*i - 3*i. List the prime factors of z(0).
3
Let x be (20/6)/(2/6). Let g = -60 - -60. List the prime factors of ((x + g)/1)/1.
2, 5
Let y = 83 + -70. What are the prime factors of y?
13
Suppose -14 = 4*i - 6. Let g(t) = 6*t**3 + 5*t**2 - 3*t - 2. Let v(b) = 7*b**3 + 5*b**2 - 4*b - 2. Let y(r) = 6*g(r) - 5*v(r). List the prime factors of y(i).
2, 3
Let s be 2*(-2)/2 + 31. Let h(y) = -21*y**3 + y**2 - 1. Let m be h(-1). Let j = s - m. List the prime factors of j.
2
Let c(r) = r + 3. Let g be c(0). Suppose 4*k - 2 = -q, -k + g*k - 8 = -q. What are the prime factors of q?
2, 7
Suppose -5*s = -s - b - 15, 5*b = 2*s - 21. What are the prime factors of s?
3
Let j(i) = 2*i - 7. List the prime factors of j(6).
5
What are the prime factors of (-9)/2*(-154)/3?
3, 7, 11
Let n(k) be the third derivative of -k**5/60 + 5*k**4/24 - k**3/6 - k**2. Let g be n(5). List the prime factors of (g - 2)/(-3) - -3.
2
Suppose 4*u + 2*h - 6*h = 12, 5 = -5*h. Suppose 0 = 3*n + u*n - 30. List the prime factors of n.
2, 3
Let b(p) = p**3 - p**2 - p - 7. Let v be b(0). Let m = v + 8. Suppose 5*u + m = 41. List the prime factors of u.
2
Suppose 7*n = 3*n + 12, 4*j = n + 37. Suppose -5*q + j = -5. List the prime factors of q.
3
Suppose 7 = -5*x + 17. Suppose x*o - 65 = -3*s, -2*s + 3*o + 0*o + 39 = 0. Suppose -s = -4*k + 23. List the prime factors of k.
11
Suppose 0 = v + 2*k - 131, 0 = -v + 5*k + 82 + 56. What are the prime factors of v?
7, 19
Suppose m + 12 = 2*y, -5*y + 7 = -m - 14. Let f = 10 + m. What are the prime factors of f?
2
Let a(d) = -3*d - 30. Let n(t) = t + 10. Let i(s) = -4*a(s) - 11*n(s). Let k be i(-7). Let l = k - -1. What are the prime factors of l?
2
Suppose -3*g + y + 347 = -g, 2*g - 357 = 3*y. List the prime factors of g.
3, 19
Let p be (-3)/2*(-10)/15. Let j(c) = 24*c. What are the prime factors of j(p)?
2, 3
Let v(c) = -c - 10. Let o be v(13). Let l = -7 - o. List the prime factors of l.
2
List the prime factors of ((-3)/(9/(-15)))/1.
5
Let l be (4/5)/(2/10). Suppose i = 4*k, 12 = 4*i - l. Let o = 4 - k. What are the prime factors of o?
3
Suppose d = -4*b + 511, -188 + 687 = 4*b - 3*d. What are the prime factors of b?
127
Let b(i) = 3*i**2 - 13*i + 21. What are the prime factors of b(7)?
7, 11
Suppose -7*v = -3*v. Suppose -3 + v = -j. List the prime factors of j.
3
Let p(x) = x + 10. Let h be p(-13). Suppose -d - 2*d = 0. What are the prime factors of 13 + h - (0 + d)?
2, 5
Let o be 29/(-4) - (-4)/16. Let g = 10 + o. List the prime factors of g + 3/(3 - 0).
2
Let t(p) = -3*p**3 - p**2 + 3*p - 1. What are the prime factors of t(-3)?
2, 31
Let f(u) = u**2 + 7*u - 13. List the prime factors of f(-14).
5, 17
Let c = 10 + -10. Suppose -4*u + 20 + c = 0. Suppose 5*j + 31 - 121 = -u*m, -2*m + 4*j + 48 = 0. What are the prime factors of m?
2, 5
Let h = -64 - -38. Let s = h + 36. What are the prime factors of s?
2, 5
Let l = 14 + -8. Let j(c) = c - 1. Let r(f) = -5*f + 12. Let i(h) = -3*j(h) - r(h). List the prime factors of i(l).
3
Let j be 2/(-3 - -7)*8. Suppose 0 = d + 2*m - 21, -j*d + 2*m = 3*m - 112. What are the prime fa